{"id":3,"date":"2024-12-06T11:23:04","date_gmt":"2024-12-06T14:23:04","guid":{"rendered":"https:\/\/manifestofinanceiro.com.br\/?page_id=3"},"modified":"2025-04-17T17:53:36","modified_gmt":"2025-04-17T20:53:36","slug":"politica-de-privacidade","status":"publish","type":"page","link":"https:\/\/manifestofinanceiro.com.br\/index.php\/politica-de-privacidade\/","title":{"rendered":"Pol\u00edtica de privacidade"},"content":{"rendered":"\t\t<div data-elementor-type=\"wp-page\" data-elementor-id=\"3\" class=\"elementor elementor-3\" data-elementor-settings=\"{&quot;ha_cmc_init_switcher&quot;:&quot;no&quot;}\">\n\t\t\t\t<div class=\"elementor-element elementor-element-1902711 e-con-full e-flex e-con e-parent\" data-id=\"1902711\" data-element_type=\"container\" data-settings=\"{&quot;_ha_eqh_enable&quot;:false}\">\n\t\t<div class=\"elementor-element elementor-element-abe9940 e-con-full e-flex e-con e-child\" data-id=\"abe9940\" data-element_type=\"container\" data-settings=\"{&quot;_ha_eqh_enable&quot;:false}\">\n\t\t\t\t<div class=\"elementor-element elementor-element-5feb799 elementor-widget elementor-widget-text-editor\" data-id=\"5feb799\" data-element_type=\"widget\" data-widget_type=\"text-editor.default\">\n\t\t\t\t<div class=\"elementor-widget-container\">\n\t\t\t\t\t\t\t\t\t<h4>Pol\u00edtica de Privacidade<\/h4>\n<h4>Quem somos<\/h4>\n<p><!-- \/wp:heading --><!-- wp:paragraph --><\/p>\n<p>O endere\u00e7o do nosso site \u00e9: https:\/\/manifestofinanceiro.com.br.<\/p>\n<p><!-- \/wp:paragraph --><!-- wp:heading --><\/p>\n<h4>Coment\u00e1rios<\/h4>\n<p><!-- \/wp:heading --><!-- wp:paragraph --><\/p>\n<p>Quando os visitantes deixam coment\u00e1rios no site, coletamos os dados mostrados no formul\u00e1rio de coment\u00e1rios, al\u00e9m do endere\u00e7o de IP e de dados do navegador do visitante, para auxiliar na detec\u00e7\u00e3o de spam.<\/p>\n<p><!-- \/wp:paragraph --><!-- wp:paragraph --><\/p>\n<p>Uma sequ\u00eancia anonimizada de caracteres criada a partir do seu e-mail (tamb\u00e9m chamada de hash) poder\u00e1 ser enviada para o Gravatar para verificar se voc\u00ea usa o servi\u00e7o. A pol\u00edtica de privacidade do Gravatar est\u00e1 dispon\u00edvel aqui: https:\/\/automattic.com\/privacy\/. Depois da aprova\u00e7\u00e3o do seu coment\u00e1rio, a foto do seu perfil fica vis\u00edvel publicamente junto de seu coment\u00e1rio.<\/p>\n<p><!-- \/wp:paragraph --><!-- wp:heading --><\/p>\n<h4>M\u00eddia<\/h4>\n<p><!-- \/wp:heading --><!-- wp:paragraph --><\/p>\n<p>Se voc\u00ea envia imagens para o site, evite enviar as que contenham dados de localiza\u00e7\u00e3o incorporados (EXIF GPS). Visitantes podem baixar estas imagens do site e extrair delas seus dados de localiza\u00e7\u00e3o.<\/p>\n<p><!-- \/wp:paragraph --><!-- wp:heading --><\/p>\n<h4>Cookies<\/h4>\n<p><!-- \/wp:heading --><!-- wp:paragraph --><\/p>\n<p>Utilizamos cookies para melhorar a navega\u00e7\u00e3o e personalizar conte\u00fados. Voc\u00ea pode gerenciar suas prefer\u00eancias de cookies diretamente no navegador.<\/p>\n<p><!-- \/wp:paragraph --><!-- wp:heading --><\/p>\n<h4>M\u00eddia incorporada de outros sites<\/h4>\n<p><!-- \/wp:heading --><!-- wp:paragraph --><\/p>\n<p>Estes sites podem coletar dados sobre voc\u00ea, usar cookies, incorporar rastreamento adicional de terceiros e monitorar sua intera\u00e7\u00e3o com este conte\u00fado incorporado, incluindo sua intera\u00e7\u00e3o com o conte\u00fado incorporado se voc\u00ea tem uma conta e est\u00e1 conectado com o site.<\/p>\n<p><!-- \/wp:paragraph --><!-- wp:heading --><\/p>\n<h4>Com quem compartilhamos seus dados<\/h4>\n<p><!-- \/wp:heading --><!-- wp:paragraph --><\/p>\n<p>Se voc\u00ea solicitar uma redefini\u00e7\u00e3o de senha, seu endere\u00e7o de IP ser\u00e1 inclu\u00eddo no e-mail de redefini\u00e7\u00e3o de senha.<\/p>\n<p><!-- \/wp:paragraph --><!-- wp:heading --><\/p>\n<h4>Por quanto tempo mantemos os seus dados<\/h4>\n<p><!-- \/wp:heading --><!-- wp:paragraph --><\/p>\n<p>Se voc\u00ea deixar um coment\u00e1rio, o coment\u00e1rio e os seus metadados s\u00e3o conservados indefinidamente. Fazemos isso para que seja poss\u00edvel reconhecer e aprovar automaticamente qualquer coment\u00e1rio posterior ao inv\u00e9s de ret\u00ea-lo para modera\u00e7\u00e3o.<\/p>\n<p><!-- \/wp:paragraph --><!-- wp:paragraph --><\/p>\n<p>Para usu\u00e1rios que se registram no nosso site (se houver), tamb\u00e9m guardamos as informa\u00e7\u00f5es pessoais que fornecem no seu perfil de usu\u00e1rio. Todos os usu\u00e1rios podem ver, editar ou excluir suas informa\u00e7\u00f5es pessoais a qualquer momento (s\u00f3 n\u00e3o \u00e9 poss\u00edvel alterar o seu username). Os administradores de sites tamb\u00e9m podem ver e editar estas informa\u00e7\u00f5es.<\/p>\n<p><!-- \/wp:paragraph --><!-- wp:heading --><\/p>\n<h4>Quais os seus direitos sobre seus dados<\/h4>\n<p><!-- \/wp:heading --><!-- wp:paragraph --><\/p>\n<p>Se voc\u00ea tiver uma conta neste site ou se tiver deixado coment\u00e1rios, pode solicitar um arquivo exportado dos dados pessoais que mantemos sobre voc\u00ea, inclusive quaisquer dados que nos tenha fornecido. Tamb\u00e9m pode solicitar que removamos qualquer dado pessoal que mantemos sobre voc\u00ea. Isto n\u00e3o inclui nenhuns dados que somos obrigados a manter para prop\u00f3sitos administrativos, legais ou de seguran\u00e7a.<\/p>\n<p><!-- \/wp:paragraph --><!-- wp:heading --><\/p>\n<h4>Para onde seus dados s\u00e3o enviados<\/h4>\n<p><!-- \/wp:heading --><!-- wp:paragraph --><\/p>\n<p>Coment\u00e1rios de visitantes podem ser marcados por um servi\u00e7o autom\u00e1tico de detec\u00e7\u00e3o de spam.<\/p>\n<h4 style=\"font-style: normal;\">Contato<\/h4>\n<div><span style=\"font-size: 16.8px;\">Em caso de d\u00favidas sobre esta pol\u00edtica ou sobre o uso de seus dados, entre em contato pelo e-mail: diana.prado@manifestofinanceiro.com.br<\/span><\/div>\n<p><!-- \/wp:paragraph --><\/p>\t\t\t\t\t\t\t\t<\/div>\n\t\t\t\t<\/div>\n\t\t\t\t<\/div>\n\t\t\t\t<\/div>\n\t\t\t\t<\/div>\n\t\t","protected":false},"excerpt":{"rendered":"<p>Pol\u00edtica de Privacidade Quem somos O endere\u00e7o do nosso site \u00e9: https:\/\/manifestofinanceiro.com.br. Coment\u00e1rios Quando os visitantes deixam coment\u00e1rios no site, coletamos os dados mostrados no formul\u00e1rio de coment\u00e1rios, al\u00e9m do endere\u00e7o de IP e de dados do navegador do visitante, para auxiliar na detec\u00e7\u00e3o de spam. Uma sequ\u00eancia anonimizada de caracteres criada a partir do [&hellip;]<\/p>\n","protected":false},"author":1,"featured_media":0,"parent":0,"menu_order":0,"comment_status":"closed","ping_status":"closed","template":"elementor_header_footer","meta":{"footnotes":""},"class_list":["post-3","page","type-page","status-publish","hentry"],"yoast_head":"<!-- This site is optimized with the Yoast SEO plugin v24.9 - https:\/\/yoast.com\/wordpress\/plugins\/seo\/ -->\n<title>Pol\u00edtica de privacidade - Manifesto Financeiro<\/title>\n<meta name=\"robots\" content=\"index, follow, max-snippet:-1, max-image-preview:large, max-video-preview:-1\" \/>\n<link rel=\"canonical\" href=\"https:\/\/manifestofinanceiro.com.br\/index.php\/politica-de-privacidade\/\" \/>\n<meta property=\"og:locale\" content=\"pt_BR\" \/>\n<meta property=\"og:type\" content=\"article\" \/>\n<meta property=\"og:title\" content=\"Pol\u00edtica de privacidade - Manifesto Financeiro\" \/>\n<meta property=\"og:description\" content=\"Pol\u00edtica de Privacidade Quem somos O endere\u00e7o do nosso site \u00e9: https:\/\/manifestofinanceiro.com.br. Coment\u00e1rios Quando os visitantes deixam coment\u00e1rios no site, coletamos os dados mostrados no formul\u00e1rio de coment\u00e1rios, al\u00e9m do endere\u00e7o de IP e de dados do navegador do visitante, para auxiliar na detec\u00e7\u00e3o de spam. Uma sequ\u00eancia anonimizada de caracteres criada a partir do [&hellip;]\" \/>\n<meta property=\"og:url\" content=\"https:\/\/manifestofinanceiro.com.br\/index.php\/politica-de-privacidade\/\" \/>\n<meta property=\"og:site_name\" content=\"Manifesto Financeiro\" \/>\n<meta property=\"article:modified_time\" content=\"2025-04-17T20:53:36+00:00\" \/>\n<meta name=\"twitter:card\" content=\"summary_large_image\" \/>\n<meta name=\"twitter:label1\" content=\"Est. tempo de leitura\" \/>\n\t<meta name=\"twitter:data1\" content=\"3 minutos\" \/>\n<script type=\"application\/ld+json\" class=\"yoast-schema-graph\">{\"@context\":\"https:\/\/schema.org\",\"@graph\":[{\"@type\":\"WebPage\",\"@id\":\"https:\/\/manifestofinanceiro.com.br\/index.php\/politica-de-privacidade\/\",\"url\":\"https:\/\/manifestofinanceiro.com.br\/index.php\/politica-de-privacidade\/\",\"name\":\"Pol\u00edtica de privacidade - Manifesto Financeiro\",\"isPartOf\":{\"@id\":\"https:\/\/manifestofinanceiro.com.br\/#website\"},\"datePublished\":\"2024-12-06T14:23:04+00:00\",\"dateModified\":\"2025-04-17T20:53:36+00:00\",\"breadcrumb\":{\"@id\":\"https:\/\/manifestofinanceiro.com.br\/index.php\/politica-de-privacidade\/#breadcrumb\"},\"inLanguage\":\"pt-BR\",\"potentialAction\":[{\"@type\":\"ReadAction\",\"target\":[\"https:\/\/manifestofinanceiro.com.br\/index.php\/politica-de-privacidade\/\"]}]},{\"@type\":\"BreadcrumbList\",\"@id\":\"https:\/\/manifestofinanceiro.com.br\/index.php\/politica-de-privacidade\/#breadcrumb\",\"itemListElement\":[{\"@type\":\"ListItem\",\"position\":1,\"name\":\"In\u00edcio\",\"item\":\"https:\/\/manifestofinanceiro.com.br\/\"},{\"@type\":\"ListItem\",\"position\":2,\"name\":\"Pol\u00edtica de privacidade\"}]},{\"@type\":\"WebSite\",\"@id\":\"https:\/\/manifestofinanceiro.com.br\/#website\",\"url\":\"https:\/\/manifestofinanceiro.com.br\/\",\"name\":\"Manifesto Financeiro\",\"description\":\" Transforme sua rela\u00e7\u00e3o com o dinheiro\",\"publisher\":{\"@id\":\"https:\/\/manifestofinanceiro.com.br\/#organization\"},\"potentialAction\":[{\"@type\":\"SearchAction\",\"target\":{\"@type\":\"EntryPoint\",\"urlTemplate\":\"https:\/\/manifestofinanceiro.com.br\/?s={search_term_string}\"},\"query-input\":{\"@type\":\"PropertyValueSpecification\",\"valueRequired\":true,\"valueName\":\"search_term_string\"}}],\"inLanguage\":\"pt-BR\"},{\"@type\":\"Organization\",\"@id\":\"https:\/\/manifestofinanceiro.com.br\/#organization\",\"name\":\"Manifesto Financeiro\",\"url\":\"https:\/\/manifestofinanceiro.com.br\/\",\"logo\":{\"@type\":\"ImageObject\",\"inLanguage\":\"pt-BR\",\"@id\":\"https:\/\/manifestofinanceiro.com.br\/#\/schema\/logo\/image\/\",\"url\":\"https:\/\/manifestofinanceiro.com.br\/wp-content\/uploads\/2024\/12\/LOGO-CONEXAO-DE-LUZ-e1742301398319.png\",\"contentUrl\":\"https:\/\/manifestofinanceiro.com.br\/wp-content\/uploads\/2024\/12\/LOGO-CONEXAO-DE-LUZ-e1742301398319.png\",\"width\":194,\"height\":195,\"caption\":\"Manifesto Financeiro\"},\"image\":{\"@id\":\"https:\/\/manifestofinanceiro.com.br\/#\/schema\/logo\/image\/\"}}]}<\/script>\n<!-- \/ Yoast SEO plugin. -->","yoast_head_json":{"title":"Pol\u00edtica de privacidade - Manifesto Financeiro","robots":{"index":"index","follow":"follow","max-snippet":"max-snippet:-1","max-image-preview":"max-image-preview:large","max-video-preview":"max-video-preview:-1"},"canonical":"https:\/\/manifestofinanceiro.com.br\/index.php\/politica-de-privacidade\/","og_locale":"pt_BR","og_type":"article","og_title":"Pol\u00edtica de privacidade - Manifesto Financeiro","og_description":"Pol\u00edtica de Privacidade Quem somos O endere\u00e7o do nosso site \u00e9: https:\/\/manifestofinanceiro.com.br. Coment\u00e1rios Quando os visitantes deixam coment\u00e1rios no site, coletamos os dados mostrados no formul\u00e1rio de coment\u00e1rios, al\u00e9m do endere\u00e7o de IP e de dados do navegador do visitante, para auxiliar na detec\u00e7\u00e3o de spam. Uma sequ\u00eancia anonimizada de caracteres criada a partir do [&hellip;]","og_url":"https:\/\/manifestofinanceiro.com.br\/index.php\/politica-de-privacidade\/","og_site_name":"Manifesto Financeiro","article_modified_time":"2025-04-17T20:53:36+00:00","twitter_card":"summary_large_image","twitter_misc":{"Est. tempo de leitura":"3 minutos"},"schema":{"@context":"https:\/\/schema.org","@graph":[{"@type":"WebPage","@id":"https:\/\/manifestofinanceiro.com.br\/index.php\/politica-de-privacidade\/","url":"https:\/\/manifestofinanceiro.com.br\/index.php\/politica-de-privacidade\/","name":"Pol\u00edtica de privacidade - Manifesto Financeiro","isPartOf":{"@id":"https:\/\/manifestofinanceiro.com.br\/#website"},"datePublished":"2024-12-06T14:23:04+00:00","dateModified":"2025-04-17T20:53:36+00:00","breadcrumb":{"@id":"https:\/\/manifestofinanceiro.com.br\/index.php\/politica-de-privacidade\/#breadcrumb"},"inLanguage":"pt-BR","potentialAction":[{"@type":"ReadAction","target":["https:\/\/manifestofinanceiro.com.br\/index.php\/politica-de-privacidade\/"]}]},{"@type":"BreadcrumbList","@id":"https:\/\/manifestofinanceiro.com.br\/index.php\/politica-de-privacidade\/#breadcrumb","itemListElement":[{"@type":"ListItem","position":1,"name":"In\u00edcio","item":"https:\/\/manifestofinanceiro.com.br\/"},{"@type":"ListItem","position":2,"name":"Pol\u00edtica de privacidade"}]},{"@type":"WebSite","@id":"https:\/\/manifestofinanceiro.com.br\/#website","url":"https:\/\/manifestofinanceiro.com.br\/","name":"Manifesto Financeiro","description":" Transforme sua rela\u00e7\u00e3o com o dinheiro","publisher":{"@id":"https:\/\/manifestofinanceiro.com.br\/#organization"},"potentialAction":[{"@type":"SearchAction","target":{"@type":"EntryPoint","urlTemplate":"https:\/\/manifestofinanceiro.com.br\/?s={search_term_string}"},"query-input":{"@type":"PropertyValueSpecification","valueRequired":true,"valueName":"search_term_string"}}],"inLanguage":"pt-BR"},{"@type":"Organization","@id":"https:\/\/manifestofinanceiro.com.br\/#organization","name":"Manifesto Financeiro","url":"https:\/\/manifestofinanceiro.com.br\/","logo":{"@type":"ImageObject","inLanguage":"pt-BR","@id":"https:\/\/manifestofinanceiro.com.br\/#\/schema\/logo\/image\/","url":"https:\/\/manifestofinanceiro.com.br\/wp-content\/uploads\/2024\/12\/LOGO-CONEXAO-DE-LUZ-e1742301398319.png","contentUrl":"https:\/\/manifestofinanceiro.com.br\/wp-content\/uploads\/2024\/12\/LOGO-CONEXAO-DE-LUZ-e1742301398319.png","width":194,"height":195,"caption":"Manifesto Financeiro"},"image":{"@id":"https:\/\/manifestofinanceiro.com.br\/#\/schema\/logo\/image\/"}}]}},"_links":{"self":[{"href":"https:\/\/manifestofinanceiro.com.br\/index.php\/wp-json\/wp\/v2\/pages\/3","targetHints":{"allow":["GET"]}}],"collection":[{"href":"https:\/\/manifestofinanceiro.com.br\/index.php\/wp-json\/wp\/v2\/pages"}],"about":[{"href":"https:\/\/manifestofinanceiro.com.br\/index.php\/wp-json\/wp\/v2\/types\/page"}],"author":[{"embeddable":true,"href":"https:\/\/manifestofinanceiro.com.br\/index.php\/wp-json\/wp\/v2\/users\/1"}],"replies":[{"embeddable":true,"href":"https:\/\/manifestofinanceiro.com.br\/index.php\/wp-json\/wp\/v2\/comments?post=3"}],"version-history":[{"count":31,"href":"https:\/\/manifestofinanceiro.com.br\/index.php\/wp-json\/wp\/v2\/pages\/3\/revisions"}],"predecessor-version":[{"id":1770,"href":"https:\/\/manifestofinanceiro.com.br\/index.php\/wp-json\/wp\/v2\/pages\/3\/revisions\/1770"}],"wp:attachment":[{"href":"https:\/\/manifestofinanceiro.com.br\/index.php\/wp-json\/wp\/v2\/media?parent=3"}],"curies":[{"name":"wp","href":"https:\/\/api.w.org\/{rel}","templated":true}]}}